b).
-3
Let c(j) = 3 - 1 + 3*j + j**3 + 15 + 1 - 8*j**2 - 9. Determine c(7).
-19
Let a(b) = -b + 3. Let q(j) be the second derivative of -j**3/3 + 16*j**2 - 14*j. Let d be q(14). What is a(d)?
-1
Let i(h) = 16*h**3 + h - 2. Let c be i(1). Let x(g) = -3 - c*g + 2 - g**2 + 22*g. Let s = -1 + 4. What is x(s)?
11
Suppose 0*n = 4*n. Suppose n = u - 2 - 6. Let o = u + -7. Let s(g) = 4*g + 1. Calculate s(o).
5
Let t(j) = j**2 - 9*j + 3. Let v be (-8 - (-3 - 8))*1. Calculate t(v).
-15
Let q(s) = s**2 - s - 9. Let c be q(7). Let n(d) = d + d**3 + 1 + 0 + 37*d**2 - c*d**2. What is n(-4)?
-3
Let f(y) = -y**3 + 5*y**2 + 2*y + 1. Suppose 21 = 3*b - 12. Suppose -2*j = -8, -5*l = -2*j - 28 + b. Give f(l).
11
Let n(p) = 3 + 15*p + 24*p - 76*p - 2*p**2 + 35*p. Suppose -3*l = 2*w - 14, 0 = 2*l + 5*w - 10*w + 16. Give n(l).
-9
Let t(f) be the first derivative of -f**5/120 + f**4/6 - 16*f**3/3 + 12. Let k(d) be the third derivative of t(d). Determine k(-6).
10
Let d(x) = -x**3 - 5*x**2 - 8*x - 12. Suppose -15 = -5*y, -19*f - 2*y = -18*f - 1. What is d(f)?
28
Let g be 200/72 + (-2)/(-9). Let i = -7 + g. Let h(z) = -z - 2. Determine h(i).
2
Let o(q) be the third derivative of 11/6*q**3 - 1/12*q**4 + 0*q + 0 + 16*q**2. What is o(9)?
-7
Suppose 5*g + 5 = -m - 3, 2*m + 4 = 2*g. Let c(s) be the first derivative of 2 + 0*s - 7/2*s**2. Give c(g).
7
Let j(b) = b**3 - 10*b**2 + b - 2. Suppose -43 = 4*p - 83. Determine j(p).
8
Let m(q) = 3*q**2 - 11*q - 4. Let y be m(4). Suppose y = -6*o - 4 - 14. Let u(r) = 6*r + 4. Determine u(o).
-14
Let g(n) be the first derivative of -16*n - 4 - 1/3*n**3 + 0*n**2. Suppose 7*m = 3*m. What is g(m)?
-16
Let r(z) = 14*z**2 + z + 6. Suppose -6*t = -2*t + 24. Let w(i) = 29*i**2 + 2*i + 13. Let a = 275 + -262. Let d(m) = a*r(m) + t*w(m). Determine d(-1).
7
Let p(j) = -22 - 12 - 7*j + 40. Calculate p(-1).
13
Let z(m) be the second derivative of m**5/20 - m**4/3 - 11*m**3/6 - m**2/2 + 132*m. What is z(6)?
5
Let r(n) = -n**3 - 22*n**2 - 23*n - 50. Let x = 150 - 171. Calculate r(x).
-8
Let w(j) = -2*j**2 + 6*j + 5. Suppose 2*d - 2*g = 0, -g + 2*g - 25 = -4*d. Determine w(d).
-15
Let o(t) = 3*t**3 - 5*t**2 - 4*t + 3. Let z(a) = -4*a**3 + 5*a**2 + 3*a - 3. Let f(x) = -3*o(x) - 2*z(x). Give f(6).
-3
Suppose -355*f + 363*f + 24 = 0. Let n(g) = -4*g - 2. Determine n(f).
10
Let u be 1/(3/(-9)) - (8 + -159). Let i(p) = -3 - 5*p + 9 + p**3 - 138*p**2 + 290*p**2 - u*p**2. Calculate i(-5).
6
Let w be 2 + 3*(-2)/6. Let o(t) = 2*t**2 + 22*t**2 + w - 14*t**2 + 2*t. Suppose a - d = -3*d + 7, -d = -3*a - 7. What is o(a)?
9
Let n(r) = -8*r - 9. Let k be n(0). Let c be 2 - 12/k*3. Let o(z) = z + 2. Calculate o(c).
8
Let n(h) = 5*h**2 - 8*h + 17. Let l(m) = -9*m**2 + 15*m - 31. Let g(c) = 4*l(c) + 7*n(c). Let y(p) = 4*p**3 + p**2 - 2*p + 1. Let x be y(1). Calculate g(x).
-5
Let z be 0/(-2)*4/(-12). Let m(i) = -12 + z*i**3 + 13 + 4*i - 3*i + i**3. What is m(-1)?
-1
Let o(v) = 3*v**2 - 14*v + 10. Let t be o(4). Let h(n) = -2*n - 5. Let k be h(-4). Let u(b) = b**3 - 3 + 5 - 1 - k*b + 2*b**2. What is u(t)?
11
Let f(c) = -c**3 + 3*c**2 + 3*c - 4. Suppose 3*w - g - 14 = -0*w, -3*w = -3*g - 24. Let z = w + 0. Suppose z*l - 3*q = 3, 2*q + 10 = 7*q. What is f(l)?
5
Suppose -3*v = -4*i + 16, -3 = -2*i + 7*i + 2*v. Let a(r) be the first derivative of 0*r - i - 1/2*r**2. Determine a(6).
-6
Let p(l) = 4*l + 4. Let n(f) = f + 1. Let j(a) = 9*n(a) - 2*p(a). Let m be j(-3). Let i(k) = k**2 + 4*k + 2. Give i(m).
-2
Let o(u) = -15*u + 6. Let s be o(9). Let h be s/(-27) - (-4)/18. Let m(k) = -k**3 + 4*k**2 + 7*k - 3. Let i be m(h). Let f(b) = b - 7. Calculate f(i).
0
Let n be (-4)/(-8)*7/21. Let s(p) be the second derivative of n*p**3 + 0 - 13/2*p**2 - 5*p. What is s(7)?
-6
Suppose 21*v = 25*v - 456. Let z(c) = 231 + 2*c - 108 - v. Calculate z(-6).
-3
Let r = 20 - 18. Suppose v = -r*v. Let d(y) = -y - 7. Determine d(v).
-7
Let d(r) = -21*r - 1. Let a(f) = 11*f - 1. Let y(o) = -2*a(o) - d(o). Determine y(1).
2
Suppose 15 = -4*n - 0*m - m, 3*n + 6 = m. Let i(u) be the third derivative of -u**4/12 + 144*u**2. Give i(n).
6
Let c(f) = f - 16. Let p(w) = w**2 + 20*w + 98. Let v be p(-7). Give c(v).
-9
Let a(s) = -s**3 + 3*s**2 - s - 2. Let l(y) = 3*y + 33. Let w be l(-10). Determine a(w).
-5
Let c be (-10)/(-4)*(52 + -50). Let i(k) be the second derivative of -k**4/12 + k**3 + k**2/2 + k. Determine i(c).
6
Let z(o) be the first derivative of -o**2 + 3*o - 2. Let l = -2661 + 2664. What is z(l)?
-3
Let f(v) = 2*v + 5. Let a(k) = -6*k - 16. Let b(o) = -4*a(o) - 11*f(o). What is b(-8)?
-7
Let n(v) = 5*v + 2. Suppose 20 = 3*o - 1. Let k = o + 3. Let h = k - 8. Determine n(h).
12
Let s = 20 - 21. Suppose -3*z = 2*z. Let q = z + s. Let j(k) = 8*k**3 + 1. Give j(q).
-7
Suppose -6*c - 7 = -5*c. Let b = -2 + c. Let d = b - -5. Let u(i) = -i**3 - 4*i**2 - 3*i + 5. Calculate u(d).
17
Let k(y) = -y**3 + y**2 + y - 2. Let c be k(2). Let n(q) be the first derivative of q**3/3 + 7*q**2/2 + 5*q + 18. Determine n(c).
-7
Let v(y) = y**3 + 3*y**2 - 5*y. Suppose 4*l + 24 = -z - l, -24 = 4*z + 2*l. What is v(z)?
4
Let g(s) = 6*s + 4 + 1 - 13*s + 8*s. Suppose 0 = 2*j - 0*j + 12. Give g(j).
-1
Let x be 6/4*(-14)/(-21). Let l(u) be the second derivative of u**5/60 + u**4/24 - u**2 - 2*u. Let i(y) be the first derivative of l(y). Give i(x).
2
Let z = 6 - 8. Let u(r) = 28 - 13*r + 19*r - 9*r - 26. Calculate u(z).
8
Let d(c) be the second derivative of -c**7/2520 - c**6/144 + c**5/60 + 11*c**4/12 + c. Let w(r) be the third derivative of d(r). Calculate w(-6).
-4
Let k = -807 + 812. Let p(x) = 2*x - 3. Give p(k).
7
Let h(m) be the second derivative of m**6/120 + m**5/20 - m**4/12 - 5*m**2 - 11*m. Let n(q) be the first derivative of h(q). Give n(-3).
6
Let d(y) = -64 - y + 36 + 35. Suppose -77 = 12*g - g. Determine d(g).
14
Let l(a) = -2*a + 5*a - 22 - 23 + 22 - 3. Calculate l(9).
1
Let c = -8 + 12. Let q(s) = s + 2 + c*s + s**2 + 5 - 5. What is q(-3)?
-4
Let q(z) = z + 1. Let d(j) = j**2 - 2. Let c be d(2). Suppose 10*b + 1 = 9*b + h, -2 = 2*b + 5*h. Let l be (c - (7 - 1)) + b. Give q(l).
-4
Let x(v) = 3*v - 46. Let r be x(16). Let i(b) = -4*b**2 - b + 1. Determine i(r).
-17
Let n be -1 + (4 - (-2 - -4)) - -1. Suppose -3 = -5*p + 2*p + n*l, p - l - 2 = 0. Let d(k) be the first derivative of k**4/4 - k**2/2 - k + 1. Determine d(p).
-1
Let d(n) = 7*n**2 - 12*n + 11. Let g(c) = 9*c**2 - 10*c + 12. Let m(s) = 4*d(s) - 3*g(s). Determine m(17).
-9
Let b(o) = -6*o + 3. Let r = 393 - 390. Give b(r).
-15
Suppose 3*n - 90 = 18*n. Let o(d) = -2*d**2 - 10*d + 18. Calculate o(n).
6
Let v(q) = -q**3 + 5*q**2 + 6*q - 2. Let s(u) = 2*u**2 - 2*u - 2. Let t be s(3). Suppose -61*l = -9*l - 208. Let f = t - l. Calculate v(f).
-2
Suppose 0 = -4*m + 2*m - 4, -3*p + 4*m = -23. Let l(j) be the first derivative of 6 + 5*j + 1/3*j**3 - 3*j**2. What is l(p)?
0
Let x(s) = 0*s - 2*s - 3 + 1 + 3*s. Let j(k) = -2*k - 9. Let h be j(-6). Suppose -9 = -2*a + 3*t, 2*a - h*t + 2*t = -1. Determine x(a).
-5
Let u(n) be the first derivative of -1/2*n**2 - 7 - 4*n. Let a(j) = j + 14. Let d be a(-18). What is u(d)?
0
Let i(j) = j + 3. Let f = -12 - -19. Let a(v) = 16*v + 0 + v**2 - 10 - f*v. Let s be a(-10). Give i(s).
3
Let f(v) = -v**3 - 3*v**2 - 6*v - 2. Let a be 48/(-14) - (-16)/(-28). Give f(a).
38
Let a(z) = -44*z + 37. Let s be a(1). Let v(q) = q**3 + 8*q**2 + 6. Calculate v(s).
55
Let x(m) = -m**3 + 6*m**2 + 5*m + 3. Let k(r) = 2 + 5 - 5*r**2 + 0 + 4*r**2 + 9*r. Let g be k(9). What is x(g)?
-11
Let z(i) = -i**2 + 1. Let p be z(-1). Let x = p + 4. Let l(v) = 12*v**3 + 6 - x - 3. Give l(-1).
-13
Let b be -1*12/4*-3. Suppose -5*w - 5*p + 15 = 0, 3*p + 0 = 2*w + b. Let k(h) = -26 + 21 + h**3 + w*h**3 - 4*h - 4*h**2. Calculate k(5).
0
Let y(t) = 6*t + 4. Suppose -s + 5*c = -2*s - 4, -2*c = 2*s + 8. Let j be y(s). Let u = j + 27. Let d(a) = -a**2 + 10*a - 9. Give d(u).
12
Let a(z) = z - 3. Suppose 3*d - 12 = -d. Suppose 3*f = -6, -3*y + 4*f + 23 = d. Let q = -2 + y. What is a(q)?
-1
Let k(j) = -j**2 - j - 10. Let b(h) = 48*h - 240. Let n be b(5). Give k(n).
-10
Let y(f) = 4*f + 1. Let s be (6 - 1) + (3 - 6). Determine y(s).
9
Suppose 0 = 5*r + 5*x - 5, 5*r + x = 6*x - 25. Let b(a) = 70*a + 2 - 158*a + 81*a. Determine b(r).
16
Let g(i) = i**3 + 60*i**2